t z(s) be the first derivative of s**4/4 - s**3 - s**2/2 - 4*s + 5. Calculate z(3).
-7
Let a = -1 - -6. Suppose 0*s - a*t = s - 25, 2*s = t - 5. Let q(d) = 4*d - 4 + s*d - 3*d. What is q(0)?
-4
Let r(n) = -n**2 - 4*n + 1. Let o(s) be the third derivative of -5*s**4/24 + s**3/6 - s**2. Let t be o(1). Calculate r(t).
1
Let s(q) = 10*q**3 - q**2 - q + 1. Suppose 3*u + 12 = 5*u. Let v = 1 - 1. Suppose 7 = t - 3*c - v, 0 = 2*t - 2*c - u. Determine s(t).
9
Let p(o) be the third derivative of 0 + 1/8*o**4 + 0*o + 1/6*o**3 - 3*o**2. Let t be -2 + 1 + -2 + 4. Give p(t).
4
Suppose -3*u - 3*y + 39 = 0, 2 = u - y - 1. Let a be u/12*3*2. Let n(z) = 7 - 8 - a + 3*z. Calculate n(4).
7
Let x be -3*(2/(-3) + 0). Let p(k) = -2*k**2 - 1 + 2*k + 8*k**2 - k**x. Let m(n) = n + 4. Let l be m(-3). Calculate p(l).
6
Let r = 18 + -21. Let g(p) be the third derivative of -p**6/120 - p**5/20 + p**4/12 + p**3/2 + 2*p**2. Give g(r).
-3
Let u(c) = -c**2 + 11*c - 8. Let m be u(10). Let j(w) = w - 1 - w + m - w. What is j(0)?
1
Let i(q) be the second derivative of -q**5/20 - 2*q**4/3 + q**2/2 - 2*q. Determine i(-8).
1
Let h(t) = -t**3 - 6*t**2 - 4*t + 5. Let x = -13 + 9. What is h(x)?
-11
Let u(q) = -q**3 + 3*q**2 - q. Let f be u(2). Let g(z) be the second derivative of -2/3*z**3 - 1/6*z**4 + 0*z**f - z + 0. What is g(-3)?
-6
Let q = 61 - 38. Let y = -20 + q. Let n(u) = u**3 - 2*u**2 - 4*u + 2. Give n(y).
-1
Let r(b) be the second derivative of -b**5/20 + b**4/4 + 3*b**2/2 + 97*b. Suppose -21 = -4*o - 5. Give r(o).
-13
Let d(o) = -3 + o**2 - 6*o + 6*o + 1 - o**3. Let g(a) = 2*a**3 - 3*a**2 + 5. Let y(z) = -7*d(z) - 3*g(z). Calculate y(1).
2
Let w(o) = 2*o + 0*o + o + o**3 - 3*o**2 - 4*o. Calculate w(3).
-3
Let s = 70 - 76. Let l(b) = b**2 + 6*b - 5. Calculate l(s).
-5
Let y(w) = -3*w**2 + w + 1. Let d be y(-1). Let o(r) be the second derivative of -r**5/20 - 5*r**4/12 - 2*r**3/3 - 3*r**2/2 - 3*r. Calculate o(d).
-9
Let a(o) = -o**3 - 6*o**2 - 4*o + 5. Let h(g) = -2*g**3 - 12*g**2 - 9*g + 10. Let v(c) = 13*a(c) - 6*h(c). Let b = -11 + 5. Give v(b).
-7
Let o(z) be the second derivative of -z**4/12 - z**3/2 + 3*z**2/2 - 2*z. Give o(-3).
3
Let j(q) be the third derivative of -q**9/60480 - q**8/10080 + q**6/720 - q**5/15 - 4*q**2. Let y(n) be the third derivative of j(n). Determine y(-2).
1
Let v(p) = -3*p - 1. Let h(w) = -7*w - 2. Let b(k) = 4*h(k) - 9*v(k). Calculate b(3).
-2
Let u(t) = t**3 + 1. Let s be u(1). Suppose -s = r + 1. Let h(n) = -13*n - 7. Let y(d) = 3*d + 2. Let q(c) = 2*h(c) + 9*y(c). Give q(r).
1
Let u(g) = -g**3 - 2. Let a(r) be the third derivative of 3*r**5/20 - r**3/6 - 3*r**2. Let q be a(-1). Let f be (1/2)/(2/q). Determine u(f).
-10
Let g(k) be the first derivative of 2*k**3/3 + 2*k**2 + 2*k + 43. Give g(-2).
2
Let w be 3/1*((-14)/(-6))/(-1). Let x(v) = v**3 + 8*v**2 + 8*v + 7. Give x(w).
0
Suppose 5*k + 5 = -i, -4*i + 3 = -2*k - k. Let y be i + -3 + 3 - 2. Let d(l) = 2*l**2 + l - 1. Give d(y).
5
Suppose -2*f + 22 = -2*u, 8 = -3*f + u + 31. Let y = 0 - f. Let r(w) = w**2 + 6*w - 4. Calculate r(y).
-4
Let q(k) be the third derivative of k**4/12 - k**3/3 + 4*k**2. Let w be q(2). Let p(g) = 5*g + 2. What is p(w)?
12
Let r(i) = 2*i - 8. Let z = -15 - -27. Let o = z + -6. Determine r(o).
4
Let p = 6 + -2. Let s(i) = -i - 6. Suppose -3*l + 14 - 2 = 0. Let x(j) = -2*j - 11. Let a(c) = l*x(c) - 7*s(c). Determine a(p).
-6
Let x(h) = h**3 - 5*h**2 - 14*h. Let u be x(7). Let q = -6 - -9. Let z(n) = -n - 2 + 0*n + q*n**3 - 4*n**3. Give z(u).
-2
Let k(q) = -q - 1. Let b(j) be the first derivative of -j**3/3 + 3*j**2 + 5*j - 10. Let v(s) = -b(s) - 4*k(s). What is v(2)?
-1
Let u(t) = t**2 + 6*t. Suppose -3*h = -3 - 3. Let j = -7 + h. Calculate u(j).
-5
Let n(x) be the third derivative of -x**4/24 - 3*x**3/2 + 10*x**2. Calculate n(-8).
-1
Let r(b) = -2*b**3 + 3*b**3 - 6*b**2 + 5*b - 9 + 3. Let k(o) = -o**2 - 11*o - 13. Suppose -26 = 2*a + 4*d, 0 - 8 = 4*d. Let p be k(a). What is r(p)?
-6
Let p be (-7)/(-1) - (0 - -2). Suppose 3*k + 9 = -3*f, -p = 5*f - 3*k - 2*k. Let h(x) = 2 + 168*x - 331*x + 165*x. What is h(f)?
-2
Let h be -6*((-27)/(-6))/9. Let s(o) = -o - 2. Let w(i) = 3*i + 7. Let g(p) = 14*s(p) + 4*w(p). Give g(h).
6
Suppose -3*m + 2*m = 0. Suppose -2*h = -m*h. Let l(u) = u**3 + u**2 + u + 9. Give l(h).
9
Let a(y) be the first derivative of -y**4/4 + y**3 + y**2 - y - 1. Let g be (0 - 0/(-3)) + 6. Let f be (g/(-5))/(9/(-30)). Calculate a(f).
-9
Let x(b) = b + 2. Let a be 56/32 + (-1)/(-4). Let u(t) = -t + 7 + 4*t - a*t. Let k be u(-7). What is x(k)?
2
Let i(g) = -g**2 + 5*g. Suppose 5*q + 6 = 6*q. Suppose -3*d = -6 - q. Calculate i(d).
4
Let r(l) be the first derivative of 5/3*l**3 - 1/2*l**2 + 1 + 7*l - 1/4*l**4. What is r(5)?
2
Suppose 4*o = -q + 2*o - 4, -q + 4*o = 4. Let b(j) = j**3 + 4*j**2 - 3*j + 1. Calculate b(q).
13
Let k(i) = -i**3 + 8*i**2 - 9*i + 10. Let l be 2/(-2)*(-2*2 + -3). What is k(l)?
-4
Let m(a) = 0*a**2 + 68*a + 0*a**2 - 60*a - 11 - a**2. What is m(8)?
-11
Let i be (-3)/(-2)*(-4)/(-1). Suppose -2*w + i - 4 = 0. Let d(t) = -w + 1 + 0 - 1 - t**2. Calculate d(1).
-2
Suppose 14 = a - 3*x, -3*x - 5 = a + 5. Let d = a + 2. Suppose -16 = -d*w - 0*w. Let m(r) = r**3 - 5*r**2 + 4*r + 2. Calculate m(w).
2
Let y(p) = -p + 2 - 5*p - 2*p + 3 + p**2. Let c be y(8). Let m(g) = -g**3 + 5*g**2 - 2*g + 6. Give m(c).
-4
Let s(h) = h**2 + 3*h - 6. Let o(k) = -k**2 - 4*k + 7. Let w(v) = -2*o(v) - 3*s(v). Give w(3).
-8
Let p(q) = q**3 + 2*q**2 + q. Let c(w) = w**3 + 10*w**2 + 11*w + 9. Let n be c(-9). Let f = 12 + n. Let m = f + -5. Give p(m).
-2
Let r(i) = i**2 + 4*i + 2. Let n = 24 - 27. What is r(n)?
-1
Let p be 2 - 4 - (-1 + 1). Let m(h) = h + 6. Let q(b) = -2*b - 5. Let u(w) = p*q(w) - 3*m(w). What is u(5)?
-3
Let n(p) be the first derivative of -1/2*p**2 - 3 + 8*p. Calculate n(6).
2
Let u(c) be the third derivative of -c**5/60 + c**4/3 + 2*c**3/3 + 46*c**2. Determine u(8).
4
Let c(i) = -10*i**2 + 13*i - 17. Let d(r) = 3*r**2 - 4*r + 5. Let l(m) = -4*c(m) - 14*d(m). Determine l(3).
-8
Suppose -w - 4*w = 0. Let f(z) = -z - 1. Let c(j) = 2*j - 11. Let a(r) = -c(r) - 3*f(r). What is a(w)?
14
Let n(s) be the first derivative of s**4/6 - s**3/6 - s**2 - 6*s + 8. Let b(m) be the first derivative of n(m). Give b(3).
13
Suppose -t + 1 = 4. Let v(p) = 3*p - 4*p + 3 + 0*p. Give v(t).
6
Let s(l) = 3 + l**3 - 33*l**2 + 28*l**2 + 5*l + 11*l**2. Determine s(-4).
15
Let v(g) = -g**2 + 7*g + 5. Let m(f) = -4*f + 7. Let o be m(0). Give v(o).
5
Let i = 0 + 0. Suppose 0 = 4*b - i*b - 8. Let t(a) be the third derivative of -a**4/12 + a**3/6 - 8*a**2. Calculate t(b).
-3
Let d be 0/2 + 0 + 2. Suppose -1 = s - d. Let l(a) = -a + 1. Let b(v) = 8*v - 6. Let x(n) = b(n) + 5*l(n). What is x(s)?
2
Let c be -2 + (7 - (-16)/(-4)). Let k(h) = -8*h**3 + h**2 - 1. What is k(c)?
-8
Let t(i) = i + 2. Suppose -2*h = -2*m - 4, 3*m + 4 = -h - 2. Suppose 8*u - 4*u + 8 = h. Calculate t(u).
0
Let o(t) be the second derivative of -t**4/12 - 5*t**3/6 + 2*t. Let y be 8/(-2) - (-4)/4. Let f be (2 + -1)*y + 0. Calculate o(f).
6
Let w(p) = 8*p**2 + 6*p - p**2 + 4 - 6*p**2. What is w(-5)?
-1
Let g(o) = 2*o - 9. Let p = -8 - -12. Suppose -3*s = p*r + 44, r - 4*r = 4*s + 47. Let h be 5/((-15)/6) - s. Determine g(h).
3
Let p(g) be the first derivative of 5*g**4/4 + g**2/2 - 4. Give p(1).
6
Let q(u) be the third derivative of u**5/60 + u**4/12 + u**3/2 + u**2. Suppose 3*f - 18 = -6. Suppose a + f = 1. Determine q(a).
6
Let g(b) = 3 + 0*b - 2 - 15*b + 3*b. Determine g(1).
-11
Let x = -2 + 7. Let f = -9 + x. Let k(l) = -9*l - 12. Let r(w) = w + 1. Let q(c) = k(c) + 6*r(c). Determine q(f).
6
Suppose -5*s + 2*x - 15 = 0, -5*s = 3*x + 70 - 30. Let r(p) = -11*p**2 - 26*p - 1. Let w(k) = -7*k**2 - 17*k - 1. Let d(c) = -5*r(c) + 8*w(c). Determine d(s).
2
Let h be (-3 - -9) + -4 + 1. Let n(t) = -6 - h - t + 1. Give n(-6).
-2
Let r(f) = 6. Let t(y) = y. Let i(x) = r(x) + 4*t(x). Give i(-4).
-10
Suppose 0 = 3*y - 2*y + 1. Let x(a) = -5*a**2 + a + 1. Determine x(y).
-5
Let b be ((-8)/(-5))/(8/20). Let l(m) = -m**3 - 3*m - m**3 + 3*m**3 - b*m - 5*m**2 + 1. Give l(6).
-5
Let p(o) = -4*o**2 - 11*o + 7. Let n(x) = -2*x**2 - 6*x + 4. Let d(i) = -7*n(i) + 4*p(i). Determine d(-3).
-12
Let y(h) = h + 10. Let q be y(0). Let p =